2.
202
What is the highest common factor of 24741 and 60012?
9
Calculate the greatest common divisor of 25675767 and 78.
39
What is the greatest common factor of 549 and 30626331?
183
What is the greatest common divisor of 9774 and 55680?
6
What is the highest common factor of 1144762 and 402?
134
Calculate the greatest common divisor of 17392726 and 235.
47
Calculate the highest common factor of 1668050 and 21022.
914
What is the greatest common factor of 1560 and 2372643?
39
What is the greatest common divisor of 396666769 and 937?
937
Calculate the greatest common divisor of 13440036 and 8592.
2148
What is the greatest common factor of 556 and 1684541?
139
What is the greatest common factor of 4634035 and 42?
7
Calculate the highest common factor of 11714745 and 10633.
217
Calculate the highest common divisor of 5534560 and 992.
32
Calculate the greatest common factor of 5010 and 11800554.
1002
What is the highest common divisor of 3 and 29057239?
1
What is the highest common divisor of 574803 and 1769?
61
Calculate the highest common divisor of 8604880 and 1329360.
2320
Calculate the highest common divisor of 525238 and 34902.
14
What is the greatest common factor of 2016 and 96496848?
1008
Calculate the greatest common factor of 7832 and 34143604.
3916
Calculate the highest common divisor of 24065657 and 1166.
583
What is the highest common divisor of 1560907 and 266?
19
Calculate the greatest common factor of 844168 and 1157.
13
What is the greatest common divisor of 1 and 16765891?
1
Calculate the greatest common factor of 7182 and 672942.
114
Calculate the highest common factor of 295 and 44588365.
295
What is the greatest common divisor of 211461316 and 88?
44
Calculate the greatest common factor of 14639196 and 68.
4
Calculate the highest common divisor of 2056261 and 1362667.
3503
Calculate the highest common divisor of 133406 and 8025617.
733
Calculate the greatest common factor of 82846 and 138506.
46
Calculate the highest common divisor of 7060920 and 75.
15
What is the greatest common factor of 2826356 and 61698?
2938
What is the greatest common factor of 126 and 1168287876?
126
Calculate the highest common divisor of 16025 and 680101.
641
Calculate the highest common divisor of 106343 and 5126466.
3667
What is the highest common divisor of 916 and 5826676?
916
What is the greatest common divisor of 17104128 and 2304?
768
What is the greatest common factor of 256116 and 357168?
84
Calculate the highest common factor of 17888 and 52407368.
4472
What is the greatest common divisor of 1720 and 132592?
8
Calculate the highest common divisor of 6414184 and 39480.
2632
Calculate the greatest common factor of 851980922 and 13.
13
Calculate the highest common divisor of 47 and 224629027.
47
What is the greatest common factor of 170 and 4239021060?
170
What is the highest common divisor of 3108 and 1732668?
84
Calculate the greatest common divisor of 6981 and 23098803.
39
Calculate the highest common divisor of 104058 and 5198294.
94
Calculate the highest common divisor of 136 and 1769003.
17
What is the greatest common factor of 20 and 73635090?
10
What is the highest common divisor of 108 and 20226744?
36
What is the greatest common divisor of 11039 and 121966425?
581
What is the greatest common divisor of 148023125 and 17300?
4325
Calculate the highest common divisor of 6037 and 88.
1
What is the greatest common divisor of 15898745 and 5?
5
Calculate the highest common factor of 137 and 143987.
137
What is the highest common factor of 561 and 136449174?
51
What is the highest common divisor of 163332725 and 1025?
1025
What is the greatest common factor of 2432 and 822320?
304
What is the highest common factor of 5781036 and 9?
3
Calculate the highest common divisor of 2745 and 13114390.
305
Calculate the highest common factor of 405781005 and 5930.
2965
What is the greatest common divisor of 117972 and 199491?
87
What is the greatest common factor of 76178 and 4383022?
1858
What is the greatest common divisor of 8216488 and 2744?
56
What is the highest common factor of 52 and 4465832?
4
What is the highest common divisor of 56910396 and 132?
12
Calculate the highest common factor of 35000 and 726656.
56
Calculate the highest common divisor of 11466756 and 756.
252
What is the greatest common divisor of 2017907 and 116667?
4321
Calculate the highest common factor of 1144365 and 23991861.
9951
Calculate the greatest common divisor of 455178 and 4963.
709
What is the highest common factor of 4746 and 11968734?
678
What is the greatest common factor of 64986725 and 25?
25
Calculate the greatest common divisor of 165353 and 14541.
37
Calculate the highest common divisor of 3993 and 2519794629.
3993
What is the greatest common divisor of 38046 and 44982?
102
What is the highest common divisor of 51105 and 69390?
15
What is the greatest common factor of 9087741 and 3?
3
Calculate the highest common divisor of 9914946 and 6.
6
Calculate the greatest common divisor of 118241 and 5222.
373
Calculate the highest common factor of 423 and 332114220.
423
What is the greatest common factor of 797012800 and 4632?
1544
What is the highest common factor of 2215916 and 77452?
68
Calculate the greatest common factor of 47916 and 173844.
396
Calculate the greatest common factor of 2934 and 3511020.
978
Calculate the highest common divisor of 309 and 17230767.
309
Calculate the greatest common divisor of 7135 and 303438707.
1427
Calculate the greatest common factor of 100686 and 56052.
1038
Calculate the greatest common factor of 7504896 and 16403.
349
Calculate the greatest common factor of 130582 and 1392257.
109
Calculate the greatest common factor of 579364 and 212.
4
Calculate the greatest common divisor of 16536 and 8315736.
312
Calculate the highest common factor of 320 and 205622200.
40
What is the highest common factor of 28119 and 487357?
13
Calculate the greatest common factor of 152831 and 45325.
49
Calculate the highest common factor of 1516830 and 194215.
1085
What is the greatest common divisor of 1860 and 116292?
12
What is the highest common factor of 187 and 112565449?
17
What is the greatest common divisor of 81389 and 155771?
539
Calculate the greatest common factor of 4369015 and 13545.
1505
What is the greatest common factor of 11035375 and 60125?
1625
Calculate the greatest common factor of 1257301 and 4792.
599
What is the greatest common divisor of 2607376 and 307732?
428
Calculate the highest common factor of 241610 and 312280.
370
What is the highest common factor of 934920 and 18459?
63
Calculate the greatest common factor of 683356446 and 108.
54
What is the highest common divisor of 2789017 and 1595?
319
What is the greatest common divisor of 78 and 12750933?
39
Calculate the highest common divisor of 159756328 and 474.
158
Calculate the greatest common factor of 202355119 and 72584.
9073
Calculate the greatest common divisor of 56880 and 428467560.
9480
Calculate the highest common divisor of 23029210 and 5575.
1115
What is the greatest common factor of 69957872 and 32?
16
Calculate the highest common factor of 105 and 2064006.
21
What is the greatest common factor of 829220 and 44?
4
Calculate the highest common factor of 215423975 and 6175.
325
What is the highest common divisor of 18018 and 4341260?
154
What is the highest common divisor of 12252240 and 330?
330
Calculate the highest common divisor of 5778 and 1096488.
18
Calculate the greatest common divisor of 900 and 8528600.
100
What is the highest common factor of 144 and 32284880?
16
Calculate the greatest common factor of 134 and 508537303.
67
Calculate the greatest common divisor of 1685501685 and 27.
9
Calculate the highest common factor of 176 and 23692471.
11
Calculate the greatest common divisor of 1952 and 13829188.
244
What is the greatest common divisor of 22372713 and 54?
27
Calculate the greatest common factor of 3 and 70448223.
3
What is the greatest common factor of 5561 and 652111?
67
What is the highest common divisor of 121882 and 3946032?
818
What is the greatest common divisor of 42 and 10271660?
14
Calculate the greatest common factor of 2449518 and 14022.
114
What is the greatest common factor of 86485 and 488552?
353
What is the highest comm